{"id":35,"date":"2018-04-08T20:22:44","date_gmt":"2018-04-08T18:22:44","guid":{"rendered":"http:\/\/www.theater-der-schatten.de\/bamberg\/?page_id=35"},"modified":"2018-04-15T14:12:13","modified_gmt":"2018-04-15T12:12:13","slug":"auf-richtiger-faehrte","status":"publish","type":"page","link":"https:\/\/www.theater-der-schatten.de\/bamberg\/auf-richtiger-faehrte\/","title":{"rendered":"Auf richtiger F\u00e4hrte"},"content":{"rendered":"<p>Wie erz\u00e4hlt man die Geschichte einer Stadt? 1000 Jahre mit H\u00f6hen und Tiefen, mit gro\u00dfen Ereignissen und  bemerkenswerten Nebens\u00e4chlichkeiten? Eine Geschichte, die keinen klassischen \u201eShow down\u201c besitzt und in der es keinen Helden gibt, mit dem man sich identifizieren kann? Ein Millennium in 90 Minuten?<\/p>\n<p>Es sind Epochen, von denen es da zu berichten gilt, die gro\u00dfen Wellenbewegungen der Zeit, &#8211; das wurde bereits im ersten Gespr\u00e4ch mit der Regisseurin deutlich.<br \/>\nAber &#8211; wo beginnt ein Zeitraum, welche Eigenheiten zeichnen ihn aus und was markiert sein Ende?<br \/>\nVier Monate Recherche folgten: st\u00f6bern im Stadtarchiv, Interviews mit Historikern, durchforsten von B\u00fcchern, Anmerkungen, Stoffsammlungen, Randnotizen, Fragen \u00fcber Fragen. Wesentliches musste vom Unwesentlichen unterschieden werden und au\u00dferdem brauchte es Einzelschicksale, eng verwoben mit und exemplarisch f\u00fcr ihre Zeit. Wir wollten doch keine Jahreszahlen aneinanderreihen, sondern ber\u00fchren und sp\u00fcren lassen. Theater braucht das!<\/p>\n\n\t\t<style type=\"text\/css\">\n\t\t\t#gallery-1 {\n\t\t\t\tmargin: auto;\n\t\t\t}\n\t\t\t#gallery-1 .gallery-item {\n\t\t\t\tfloat: left;\n\t\t\t\tmargin-top: 10px;\n\t\t\t\ttext-align: center;\n\t\t\t\twidth: 50%;\n\t\t\t}\n\t\t\t#gallery-1 img {\n\t\t\t\tborder: 2px solid #cfcfcf;\n\t\t\t}\n\t\t\t#gallery-1 .gallery-caption {\n\t\t\t\tmargin-left: 0;\n\t\t\t}\n\t\t\t\/* see gallery_shortcode() in wp-includes\/media.php *\/\n\t\t<\/style>\n\t\t<div id='gallery-1' class='gallery galleryid-35 gallery-columns-2 gallery-size-full'><dl class='gallery-item'>\n\t\t\t<dt class='gallery-icon landscape'>\n\t\t\t\t<img loading=\"lazy\" decoding=\"async\" width=\"295\" height=\"197\" src=\"https:\/\/www.theater-der-schatten.de\/bamberg\/wp-content\/uploads\/sites\/2\/2018\/04\/auf-richtiger-faehrte1.jpg\" class=\"attachment-full size-full\" alt=\"\" \/>\n\t\t\t<\/dt><\/dl><dl class='gallery-item'>\n\t\t\t<dt class='gallery-icon landscape'>\n\t\t\t\t<img loading=\"lazy\" decoding=\"async\" width=\"295\" height=\"197\" src=\"https:\/\/www.theater-der-schatten.de\/bamberg\/wp-content\/uploads\/sites\/2\/2018\/04\/auf-richtiger-faehrte2.gif\" class=\"attachment-full size-full\" alt=\"\" \/>\n\t\t\t<\/dt><\/dl><br style=\"clear: both\" \/>\n\t\t<\/div>\n\n<p>Starke Energie wurde frei und bescherte mir aufw\u00fchlende Tage und geistig rege N\u00e4chte mit wenig Schlaf: wie soll die B\u00fchne aussehen? Welche Materialien eignen sich? Woraus sind die Vorlagen, die dann zu Schattenbildern werden? Wo sind sie untergebracht?<\/p>\n<p>Die Idee, alles aus einem Buch heraus zu berichten, wurde zum zentralen Element der Gestaltung. Gro\u00df sollte es sein und der Mittelpunkt der B\u00fchne, sozusagen eine \u201eChronik des Jahrtausends\u201c. Dadurch war klar: es braucht einen Tisch, mehr noch: eine Art Altar, auf dem es liegen soll mit ausreichend Platz zum Umbl\u00e4ttern.<br \/>\nAber was passt in ein Buch hinein? Auch wenn es dick ist bleibt der Raum zwischen den Seiten d\u00fcnn! Faltbare Modellen aus Pappe w\u00e4ren denkbar und damit k\u00f6nnten wir die Grundsituation der Stadt aufzeigen: die Kirchen auf den H\u00fcgeln und das gemeine Volk unten zu F\u00fc\u00dfen!<br \/>\nAus welchen Einzelteilen besteht der Dom? Vier T\u00fcrme, das war klar und sonst? Dann das Kloster auf dem Michelsberg und das Rathaus. Welche Figuren braucht es? Den Kaiser ohne Frage und vielleicht sein Hofmeister, jemand, dem er seine Befehle zuraunen kann f\u00fcr einen spielbaren Dialog. Aber er soll sich auch wegdrehen k\u00f6nnen in Momente des Nachdenkens. Also eine dreidimensionale Figur? Unter dem Tisch ist auch noch Platz!<br \/>\nUnd was ist mit Ger\u00e4uschen und Kl\u00e4ngen, die Authentizit\u00e4t und Hintergrundstimmung vermitteln? Um Mitternacht auf dem Domplatz die Autos stoppen um die Glockenschl\u00e4ge des Doms aufzunehmen. Rennende F\u00fc\u00dfe auf Kies f\u00fcr die Flucht des K\u00f6nigsm\u00f6rders, den bet\u00e4ubende L\u00e4rm der Flugzeuge f\u00fcr die Bombenn\u00e4chte des Krieges aus dem Archiv bestellen\u2026<\/p>\n<p>Und das Bier? Die Geschichte dieser Stadt kann nicht erz\u00e4hlt werden ohne das Labsal ihrer Bewohner! Bereits im 11. Jahrhundert haben die M\u00f6nche mit diesem Trunk die Fastenzeit \u00fcberstanden! <\/p>\n<p>Wir haben eine L\u00f6sung gefunden. Eine gute!<\/p>\n<p>Aber die wird hier nicht verraten!<\/p>\n","protected":false},"excerpt":{"rendered":"<p>Wie erz\u00e4hlt man die Geschichte einer Stadt? 1000 Jahre mit H\u00f6hen und Tiefen, mit gro\u00dfen Ereignissen und bemerkenswerten Nebens\u00e4chlichkeiten? Eine Geschichte, die keinen klassischen \u201eShow down\u201c besitzt und in der es keinen Helden gibt, mit dem man sich identifizieren kann? Ein Millennium in 90 Minuten? Es sind Epochen, von denen es da zu berichten gilt, [&hellip;]<\/p>\n","protected":false},"author":4,"featured_media":0,"parent":0,"menu_order":3,"comment_status":"closed","ping_status":"closed","template":"","meta":{"footnotes":""},"class_list":["post-35","page","type-page","status-publish","hentry"],"_links":{"self":[{"href":"https:\/\/www.theater-der-schatten.de\/bamberg\/wp-json\/wp\/v2\/pages\/35","targetHints":{"allow":["GET"]}}],"collection":[{"href":"https:\/\/www.theater-der-schatten.de\/bamberg\/wp-json\/wp\/v2\/pages"}],"about":[{"href":"https:\/\/www.theater-der-schatten.de\/bamberg\/wp-json\/wp\/v2\/types\/page"}],"author":[{"embeddable":true,"href":"https:\/\/www.theater-der-schatten.de\/bamberg\/wp-json\/wp\/v2\/users\/4"}],"replies":[{"embeddable":true,"href":"https:\/\/www.theater-der-schatten.de\/bamberg\/wp-json\/wp\/v2\/comments?post=35"}],"version-history":[{"count":4,"href":"https:\/\/www.theater-der-schatten.de\/bamberg\/wp-json\/wp\/v2\/pages\/35\/revisions"}],"predecessor-version":[{"id":82,"href":"https:\/\/www.theater-der-schatten.de\/bamberg\/wp-json\/wp\/v2\/pages\/35\/revisions\/82"}],"wp:attachment":[{"href":"https:\/\/www.theater-der-schatten.de\/bamberg\/wp-json\/wp\/v2\/media?parent=35"}],"curies":[{"name":"wp","href":"https:\/\/api.w.org\/{rel}","templated":true}]}}

Auf richtiger Fährte

<p>Wie erzählt man die Geschichte einer Stadt? 1000 Jahre mit Höhen und Tiefen, mit großen Ereignissen und  bemerkenswerten Nebensächlichkeiten? Eine Geschichte, die keinen klassischen „Show down“ besitzt und in der es keinen Helden gibt, mit dem man sich identifizieren kann? Ein Millennium in 90 Minuten?</p>
<p>Es sind Epochen, von denen es da zu berichten gilt, die großen Wellenbewegungen der Zeit, &#8211; das wurde bereits im ersten Gespräch mit der Regisseurin deutlich.<br />
Aber &#8211; wo beginnt ein Zeitraum, welche Eigenheiten zeichnen ihn aus und was markiert sein Ende?<br />
Vier Monate Recherche folgten: stöbern im Stadtarchiv, Interviews mit Historikern, durchforsten von Büchern, Anmerkungen, Stoffsammlungen, Randnotizen, Fragen über Fragen. Wesentliches musste vom Unwesentlichen unterschieden werden und außerdem brauchte es Einzelschicksale, eng verwoben mit und exemplarisch für ihre Zeit. Wir wollten doch keine Jahreszahlen aneinanderreihen, sondern berühren und spüren lassen. Theater braucht das!</p>

		<style type="text/css">
			#gallery-1 {
				margin: auto;
			}
			#gallery-1 .gallery-item {
				float: left;
				margin-top: 10px;
				text-align: center;
				width: 50%;
			}
			#gallery-1 img {
				border: 2px solid #cfcfcf;
			}
			#gallery-1 .gallery-caption {
				margin-left: 0;
			}
			/* see gallery_shortcode() in wp-includes/media.php */
		</style>
		<div id='gallery-1' class='gallery galleryid-35 gallery-columns-2 gallery-size-full'><dl class='gallery-item'>
			<dt class='gallery-icon landscape'>
				<img loading="lazy" decoding="async" width="295" height="197" src="https://www.theater-der-schatten.de/bamberg/wp-content/uploads/sites/2/2018/04/auf-richtiger-faehrte1.jpg" class="attachment-full size-full" alt="" />
			</dt></dl><dl class='gallery-item'>
			<dt class='gallery-icon landscape'>
				<img loading="lazy" decoding="async" width="295" height="197" src="https://www.theater-der-schatten.de/bamberg/wp-content/uploads/sites/2/2018/04/auf-richtiger-faehrte2.gif" class="attachment-full size-full" alt="" />
			</dt></dl><br style="clear: both" />
		</div>

<p>Starke Energie wurde frei und bescherte mir aufwühlende Tage und geistig rege Nächte mit wenig Schlaf: wie soll die Bühne aussehen? Welche Materialien eignen sich? Woraus sind die Vorlagen, die dann zu Schattenbildern werden? Wo sind sie untergebracht?</p>
<p>Die Idee, alles aus einem Buch heraus zu berichten, wurde zum zentralen Element der Gestaltung. Groß sollte es sein und der Mittelpunkt der Bühne, sozusagen eine „Chronik des Jahrtausends“. Dadurch war klar: es braucht einen Tisch, mehr noch: eine Art Altar, auf dem es liegen soll mit ausreichend Platz zum Umblättern.<br />
Aber was passt in ein Buch hinein? Auch wenn es dick ist bleibt der Raum zwischen den Seiten dünn! Faltbare Modellen aus Pappe wären denkbar und damit könnten wir die Grundsituation der Stadt aufzeigen: die Kirchen auf den Hügeln und das gemeine Volk unten zu Füßen!<br />
Aus welchen Einzelteilen besteht der Dom? Vier Türme, das war klar und sonst? Dann das Kloster auf dem Michelsberg und das Rathaus. Welche Figuren braucht es? Den Kaiser ohne Frage und vielleicht sein Hofmeister, jemand, dem er seine Befehle zuraunen kann für einen spielbaren Dialog. Aber er soll sich auch wegdrehen können in Momente des Nachdenkens. Also eine dreidimensionale Figur? Unter dem Tisch ist auch noch Platz!<br />
Und was ist mit Geräuschen und Klängen, die Authentizität und Hintergrundstimmung vermitteln? Um Mitternacht auf dem Domplatz die Autos stoppen um die Glockenschläge des Doms aufzunehmen. Rennende Füße auf Kies für die Flucht des Königsmörders, den betäubende Lärm der Flugzeuge für die Bombennächte des Krieges aus dem Archiv bestellen…</p>
<p>Und das Bier? Die Geschichte dieser Stadt kann nicht erzählt werden ohne das Labsal ihrer Bewohner! Bereits im 11. Jahrhundert haben die Mönche mit diesem Trunk die Fastenzeit überstanden! </p>
<p>Wir haben eine Lösung gefunden. Eine gute!</p>
<p>Aber die wird hier nicht verraten!</p>

<p>Wie erzählt man die Geschichte einer Stadt? 1000 Jahre mit Höhen und Tiefen, mit großen Ereignissen und bemerkenswerten Nebensächlichkeiten? Eine Geschichte, die keinen klassischen „Show down“ besitzt und in der es keinen Helden gibt, mit dem man sich identifizieren kann? Ein Millennium in 90 Minuten? Es sind Epochen, von denen es da zu berichten gilt, [&hellip;]</p>
