{"id":47,"date":"2018-04-08T20:23:18","date_gmt":"2018-04-08T18:23:18","guid":{"rendered":"http:\/\/www.theater-der-schatten.de\/bamberg\/?page_id=47"},"modified":"2018-04-15T14:12:13","modified_gmt":"2018-04-15T12:12:13","slug":"zeugenaussagen","status":"publish","type":"page","link":"https:\/\/www.theater-der-schatten.de\/bamberg\/zeugenaussagen\/","title":{"rendered":"Zeugenaussagen"},"content":{"rendered":"<p>Vielen Dank f\u00fcr eine unvergessene Reise durch die Geschichte Bambergs. Sie verstehen es, sich auf das Wesentliche zu konzentrieren und mit Ihrer Stimme, Ausdruckskraft und nat\u00fcrlich mit Licht und Schatten die Zuschauer in ihren Bann zu ziehen. Ich habe selten so etwas Eindrucksvolles gesehen!<br \/>\nSilke, 2009<\/p>\n<p>Dieses Theater ist eine wunderbare Art, Geschichte lebendig und locker zu pr\u00e4sentieren. Was der Schauspieler mit sparsamen Utensilien und einer Lampe an eindrucksvollen Bildern hervorzaubert und dabei mit einer ausdrucksstarken Stimme kommentiert, ist schon etwas Besonderes. Jede Minute mitrei\u00dfend! Dieser Theaterbesuch war das Highlight meines Bamberg-Aufenthalts!<br \/>\nJ. Dahlmann, 2009<\/p>\n\n\t\t<style type=\"text\/css\">\n\t\t\t#gallery-1 {\n\t\t\t\tmargin: auto;\n\t\t\t}\n\t\t\t#gallery-1 .gallery-item {\n\t\t\t\tfloat: left;\n\t\t\t\tmargin-top: 10px;\n\t\t\t\ttext-align: center;\n\t\t\t\twidth: 50%;\n\t\t\t}\n\t\t\t#gallery-1 img {\n\t\t\t\tborder: 2px solid #cfcfcf;\n\t\t\t}\n\t\t\t#gallery-1 .gallery-caption {\n\t\t\t\tmargin-left: 0;\n\t\t\t}\n\t\t\t\/* see gallery_shortcode() in wp-includes\/media.php *\/\n\t\t<\/style>\n\t\t<div id='gallery-1' class='gallery galleryid-47 gallery-columns-2 gallery-size-full'><dl class='gallery-item'>\n\t\t\t<dt class='gallery-icon landscape'>\n\t\t\t\t<img loading=\"lazy\" decoding=\"async\" width=\"295\" height=\"197\" src=\"https:\/\/www.theater-der-schatten.de\/bamberg\/wp-content\/uploads\/sites\/2\/2018\/04\/zeugenaussagen1.jpg\" class=\"attachment-full size-full\" alt=\"\" \/>\n\t\t\t<\/dt><\/dl><dl class='gallery-item'>\n\t\t\t<dt class='gallery-icon landscape'>\n\t\t\t\t<img loading=\"lazy\" decoding=\"async\" width=\"295\" height=\"197\" src=\"https:\/\/www.theater-der-schatten.de\/bamberg\/wp-content\/uploads\/sites\/2\/2018\/04\/zeugenaussagen2.jpg\" class=\"attachment-full size-full\" alt=\"\" \/>\n\t\t\t<\/dt><\/dl><br style=\"clear: both\" \/>\n\t\t<\/div>\n\n<p>F\u00fcr uns als Bamberger war es fast besch\u00e4mend, erst jetzt diese ausgesprochen treffend inszenierte Vorstellung zu besuchen. Mit unseren G\u00e4sten waren wir \u00e4u\u00dferst angetan von der Erz\u00e4hlkunst, der tiefen Stimmung in der Kapelle und der netten &#8222;Bierpause&#8220; dazwischen. Wir werden diese Vorstellung in sehr guter Erinnerung behalten und Ihnen einige neue G\u00e4ste zuzuf\u00fchren wissen!<br \/>\nVielen Dank und weiter so!<br \/>\nW. Knoblach, 2009<\/p>\n<p>Guten Abend, Herr G\u00f6tz,<br \/>\nam 30.10. besuchte ich Ihre Abendvorstellung im &#8222;Theater der Schatten&#8220;. Ich m\u00f6chte Ihnen gerne meine Anerkennung aussprechen. Nicht nur die Auff\u00fchrung selbst war eindrucksvoll und in vieler Hinsicht gro\u00dfe Kunst. Auch Ihr Begleitheft kann sich sehen lassen &#8211; inhaltlich, redaktionell, gestalterisch und handwerklich.<br \/>\nGut, dass es Menschen wie Sie gibt, die von ihrer Vision ganz durchdrungen sind &#8211; und in der Lage sind, andere Menschen daran teilhaben zu lassen.<br \/>\nIhnen und Ihrem Theater alles Gute und den bestm\u00f6glichen Erfolg sowie eine erholsame Winterpause!<br \/>\nM. Hoffmann, 2010<\/p>\n<p>Was unspektakul\u00e4r in einer kleinen Kapelle beginnt, gestaltet sich zu einer spektakul\u00e4ren, informativen und faszinierenden Reise durch Zeit und Geschichte von Bamberg! Dank unserer Tochter sind wir in diesen Genuss gekommen und werden auf jeden Fall daf\u00fcr Sorge tragen, dass der Kreis der Zuschauer gr\u00f6\u00dfer wird. Vielen Dank f\u00fcr diese 90 tollen und kurzweiligen Minuten!<br \/>\nRoland und Ute, 2010<\/p>\n<p>Gro\u00dfes Kompliment! Ein tolles Erlebnis. Etwas ganz Anderes. Fesselnd und imposant. Nicht einfach nur sehenswert, sondern unvergesslich. Danke!<br \/>\nMarkus und Andrea, 2011<\/p>\n<p>Eine so unterhaltsame und beeindruckende &#8222;Geschichtsstunde&#8220; habe ich noch nie erlebt. Unglaublich, wie eine Person auf der B\u00fchne so viele geistige und handwerkliche F\u00e4higkeiten in sich vereinen und darstellen kann. Vielen Dank f\u00fcr einen wundersch\u00f6nen Abend.<br \/>\nA.Schwarzmann, 2011<\/p>\n<p>Hallo Herr G\u00f6tz,<br \/>\ngestern besuchte ich mit weiteren 30 Personen Ihr Schatten-Theater. Wir waren restlos begeistert, auf welche ungew\u00f6hnliche und informative Weise Sie uns die Geschichte von Bamberg n\u00e4her brachten. Ein besonderes Kompliment an Sie als Akteur! Der Besuch des Schatten-Theater war ganz sicher ein H\u00f6hepunkt unseres Bamberg-Wochenendes und wir werden Sie weiterempfehlen.<br \/>\nI. Gei\u00df, 2011<\/p>\n<p>Genial! Diese Mischung von Puppenspiel, Schattentheater, gepaart mit au\u00dfergew\u00f6hnlicher schauspielerischer Handwerkskunst, haben wir noch nie so erlebt. Ein Muss f\u00fcr jeden, der in der Stadt ist!<br \/>\nB. und M. Georgi, 2012<\/p>\n<p>Geschichte, Sprache und Magie des Lichts &#8211; einfach faszinierend&#8230;<br \/>\nRalph &#038; Claudia,  2012<\/p>\n<p>Nachdem ich die Kurzvideos auf dieser Seite gesehen habe, verstehe ich ein bisschen mehr, warum ich so fasziniert war. Diese Perfektion, das Zusammenspiel von Sprache, Licht, Sound war einfach ein Genuss f\u00fcr alle Sinne. Immer noch eine Idee, noch ein Variation, seien es die Barock-Fassaden vor den Fachwerkh\u00e4uschen, der fr\u00e4nkische Dialog des Barock-Paares, der Bombenangriff &#8211; oder auch die beleuchtete Bierflasche&#8230; Hut ab!<br \/>\nJutta, 2012<\/p>\n<p>Die Faszination ist vollkommen, die Sitze nicht mehr hart, der Raum und der Klang der Begleitmusik faszinierend, ich bin begeistert!<br \/>\nI. Wienold, 2012<\/p>\n<p>Ich habe dieses St\u00fcck bereits zum zweiten Mal gesehen und muss sagen: &#8222;Ich w\u00fcrde es auch noch ein 3. Mal anschauen&#8220;. Es ist faszinierend und super erz\u00e4hlt. Man ger\u00e4t in den Bann der Geschichte und des Erz\u00e4hlers. Ich habe das St\u00fcck anl\u00e4sslich eines Geschenkes zum 50. Geburtstag gesehen und das &#8222;Geburtstagskind&#8220; war auch total begeistert. Dieses St\u00fcck ist wirklich eine Meisterleistung!! Vielen Dank f\u00fcr die Bereicherung! Gru\u00df aus Franken<br \/>\nPohli, 2012<\/p>\n<p>Interessanter und spannender habe ich bisher noch keine Stadtgeschichte erz\u00e4hlt bekommen. Das in einer Umgebung, die selbst Geschichte ist. Danke f\u00fcr diese Vorstellung!<br \/>\nGerd Malkowski, 2013<\/p>\n<p>Wenn man &#8222;Schattentheater&#8220; oder &#8222;Licht und Schatten&#8220; h\u00f6rt, kann man sich zun\u00e4chst darunter nicht viel vorstellen. Aber dann tritt da ein stimmgewaltiger Norbert G\u00f6tz auf und bringt einem die Stadtgeschichte Bambergs so nahe, dass man die Vorstellung tief beeindruckt verl\u00e4sst. Wir besuchten die Vorstellung zu neunt und waren total begeistert. Ganz, ganz herzlichen Dank f\u00fcr dieses wunderbare Erlebnis!<br \/>\nRenate Sollacher, 2013<\/p>\n<p>Herzlichen Dank f\u00fcr diese wunderbare Vorstellung und den spannenden Geschichtsunterricht, der uns, die wir zum ersten Mal in Bamberg waren, auf diese Stadt noch neugieriger gemacht hat. Absolut zu empfehlen! Wir werden uns sicher immer an diese Vorstellung erinnern, wenn wir an diese Reise und an Bamberg denken.<br \/>\nE. und P. Wild, 2013<\/p>\n","protected":false},"excerpt":{"rendered":"<p>Vielen Dank f\u00fcr eine unvergessene Reise durch die Geschichte Bambergs. Sie verstehen es, sich auf das Wesentliche zu konzentrieren und mit Ihrer Stimme, Ausdruckskraft und nat\u00fcrlich mit Licht und Schatten die Zuschauer in ihren Bann zu ziehen. Ich habe selten so etwas Eindrucksvolles gesehen! Silke, 2009 Dieses Theater ist eine wunderbare Art, Geschichte lebendig und [&hellip;]<\/p>\n","protected":false},"author":4,"featured_media":0,"parent":0,"menu_order":7,"comment_status":"closed","ping_status":"closed","template":"","meta":{"footnotes":""},"class_list":["post-47","page","type-page","status-publish","hentry"],"_links":{"self":[{"href":"https:\/\/www.theater-der-schatten.de\/bamberg\/wp-json\/wp\/v2\/pages\/47","targetHints":{"allow":["GET"]}}],"collection":[{"href":"https:\/\/www.theater-der-schatten.de\/bamberg\/wp-json\/wp\/v2\/pages"}],"about":[{"href":"https:\/\/www.theater-der-schatten.de\/bamberg\/wp-json\/wp\/v2\/types\/page"}],"author":[{"embeddable":true,"href":"https:\/\/www.theater-der-schatten.de\/bamberg\/wp-json\/wp\/v2\/users\/4"}],"replies":[{"embeddable":true,"href":"https:\/\/www.theater-der-schatten.de\/bamberg\/wp-json\/wp\/v2\/comments?post=47"}],"version-history":[{"count":3,"href":"https:\/\/www.theater-der-schatten.de\/bamberg\/wp-json\/wp\/v2\/pages\/47\/revisions"}],"predecessor-version":[{"id":114,"href":"https:\/\/www.theater-der-schatten.de\/bamberg\/wp-json\/wp\/v2\/pages\/47\/revisions\/114"}],"wp:attachment":[{"href":"https:\/\/www.theater-der-schatten.de\/bamberg\/wp-json\/wp\/v2\/media?parent=47"}],"curies":[{"name":"wp","href":"https:\/\/api.w.org\/{rel}","templated":true}]}}

<p>Vielen Dank für eine unvergessene Reise durch die Geschichte Bambergs. Sie verstehen es, sich auf das Wesentliche zu konzentrieren und mit Ihrer Stimme, Ausdruckskraft und natürlich mit Licht und Schatten die Zuschauer in ihren Bann zu ziehen. Ich habe selten so etwas Eindrucksvolles gesehen!<br />
Silke, 2009</p>
<p>Dieses Theater ist eine wunderbare Art, Geschichte lebendig und locker zu präsentieren. Was der Schauspieler mit sparsamen Utensilien und einer Lampe an eindrucksvollen Bildern hervorzaubert und dabei mit einer ausdrucksstarken Stimme kommentiert, ist schon etwas Besonderes. Jede Minute mitreißend! Dieser Theaterbesuch war das Highlight meines Bamberg-Aufenthalts!<br />
J. Dahlmann, 2009</p>

		<style type="text/css">
			#gallery-1 {
				margin: auto;
			}
			#gallery-1 .gallery-item {
				float: left;
				margin-top: 10px;
				text-align: center;
				width: 50%;
			}
			#gallery-1 img {
				border: 2px solid #cfcfcf;
			}
			#gallery-1 .gallery-caption {
				margin-left: 0;
			}
			/* see gallery_shortcode() in wp-includes/media.php */
		</style>
		<div id='gallery-1' class='gallery galleryid-47 gallery-columns-2 gallery-size-full'><dl class='gallery-item'>
			<dt class='gallery-icon landscape'>
				<img loading="lazy" decoding="async" width="295" height="197" src="https://www.theater-der-schatten.de/bamberg/wp-content/uploads/sites/2/2018/04/zeugenaussagen1.jpg" class="attachment-full size-full" alt="" />
			</dt></dl><dl class='gallery-item'>
			<dt class='gallery-icon landscape'>
				<img loading="lazy" decoding="async" width="295" height="197" src="https://www.theater-der-schatten.de/bamberg/wp-content/uploads/sites/2/2018/04/zeugenaussagen2.jpg" class="attachment-full size-full" alt="" />
			</dt></dl><br style="clear: both" />
		</div>

<p>Für uns als Bamberger war es fast beschämend, erst jetzt diese ausgesprochen treffend inszenierte Vorstellung zu besuchen. Mit unseren Gästen waren wir äußerst angetan von der Erzählkunst, der tiefen Stimmung in der Kapelle und der netten &#8222;Bierpause&#8220; dazwischen. Wir werden diese Vorstellung in sehr guter Erinnerung behalten und Ihnen einige neue Gäste zuzuführen wissen!<br />
Vielen Dank und weiter so!<br />
W. Knoblach, 2009</p>
<p>Guten Abend, Herr Götz,<br />
am 30.10. besuchte ich Ihre Abendvorstellung im &#8222;Theater der Schatten&#8220;. Ich möchte Ihnen gerne meine Anerkennung aussprechen. Nicht nur die Aufführung selbst war eindrucksvoll und in vieler Hinsicht große Kunst. Auch Ihr Begleitheft kann sich sehen lassen &#8211; inhaltlich, redaktionell, gestalterisch und handwerklich.<br />
Gut, dass es Menschen wie Sie gibt, die von ihrer Vision ganz durchdrungen sind &#8211; und in der Lage sind, andere Menschen daran teilhaben zu lassen.<br />
Ihnen und Ihrem Theater alles Gute und den bestmöglichen Erfolg sowie eine erholsame Winterpause!<br />
M. Hoffmann, 2010</p>
<p>Was unspektakulär in einer kleinen Kapelle beginnt, gestaltet sich zu einer spektakulären, informativen und faszinierenden Reise durch Zeit und Geschichte von Bamberg! Dank unserer Tochter sind wir in diesen Genuss gekommen und werden auf jeden Fall dafür Sorge tragen, dass der Kreis der Zuschauer größer wird. Vielen Dank für diese 90 tollen und kurzweiligen Minuten!<br />
Roland und Ute, 2010</p>
<p>Großes Kompliment! Ein tolles Erlebnis. Etwas ganz Anderes. Fesselnd und imposant. Nicht einfach nur sehenswert, sondern unvergesslich. Danke!<br />
Markus und Andrea, 2011</p>
<p>Eine so unterhaltsame und beeindruckende &#8222;Geschichtsstunde&#8220; habe ich noch nie erlebt. Unglaublich, wie eine Person auf der Bühne so viele geistige und handwerkliche Fähigkeiten in sich vereinen und darstellen kann. Vielen Dank für einen wunderschönen Abend.<br />
A.Schwarzmann, 2011</p>
<p>Hallo Herr Götz,<br />
gestern besuchte ich mit weiteren 30 Personen Ihr Schatten-Theater. Wir waren restlos begeistert, auf welche ungewöhnliche und informative Weise Sie uns die Geschichte von Bamberg näher brachten. Ein besonderes Kompliment an Sie als Akteur! Der Besuch des Schatten-Theater war ganz sicher ein Höhepunkt unseres Bamberg-Wochenendes und wir werden Sie weiterempfehlen.<br />
I. Geiß, 2011</p>
<p>Genial! Diese Mischung von Puppenspiel, Schattentheater, gepaart mit außergewöhnlicher schauspielerischer Handwerkskunst, haben wir noch nie so erlebt. Ein Muss für jeden, der in der Stadt ist!<br />
B. und M. Georgi, 2012</p>
<p>Geschichte, Sprache und Magie des Lichts &#8211; einfach faszinierend&#8230;<br />
Ralph &#038; Claudia,  2012</p>
<p>Nachdem ich die Kurzvideos auf dieser Seite gesehen habe, verstehe ich ein bisschen mehr, warum ich so fasziniert war. Diese Perfektion, das Zusammenspiel von Sprache, Licht, Sound war einfach ein Genuss für alle Sinne. Immer noch eine Idee, noch ein Variation, seien es die Barock-Fassaden vor den Fachwerkhäuschen, der fränkische Dialog des Barock-Paares, der Bombenangriff &#8211; oder auch die beleuchtete Bierflasche&#8230; Hut ab!<br />
Jutta, 2012</p>
<p>Die Faszination ist vollkommen, die Sitze nicht mehr hart, der Raum und der Klang der Begleitmusik faszinierend, ich bin begeistert!<br />
I. Wienold, 2012</p>
<p>Ich habe dieses Stück bereits zum zweiten Mal gesehen und muss sagen: &#8222;Ich würde es auch noch ein 3. Mal anschauen&#8220;. Es ist faszinierend und super erzählt. Man gerät in den Bann der Geschichte und des Erzählers. Ich habe das Stück anlässlich eines Geschenkes zum 50. Geburtstag gesehen und das &#8222;Geburtstagskind&#8220; war auch total begeistert. Dieses Stück ist wirklich eine Meisterleistung!! Vielen Dank für die Bereicherung! Gruß aus Franken<br />
Pohli, 2012</p>
<p>Interessanter und spannender habe ich bisher noch keine Stadtgeschichte erzählt bekommen. Das in einer Umgebung, die selbst Geschichte ist. Danke für diese Vorstellung!<br />
Gerd Malkowski, 2013</p>
<p>Wenn man &#8222;Schattentheater&#8220; oder &#8222;Licht und Schatten&#8220; hört, kann man sich zunächst darunter nicht viel vorstellen. Aber dann tritt da ein stimmgewaltiger Norbert Götz auf und bringt einem die Stadtgeschichte Bambergs so nahe, dass man die Vorstellung tief beeindruckt verlässt. Wir besuchten die Vorstellung zu neunt und waren total begeistert. Ganz, ganz herzlichen Dank für dieses wunderbare Erlebnis!<br />
Renate Sollacher, 2013</p>
<p>Herzlichen Dank für diese wunderbare Vorstellung und den spannenden Geschichtsunterricht, der uns, die wir zum ersten Mal in Bamberg waren, auf diese Stadt noch neugieriger gemacht hat. Absolut zu empfehlen! Wir werden uns sicher immer an diese Vorstellung erinnern, wenn wir an diese Reise und an Bamberg denken.<br />
E. und P. Wild, 2013</p>

<p>Vielen Dank für eine unvergessene Reise durch die Geschichte Bambergs. Sie verstehen es, sich auf das Wesentliche zu konzentrieren und mit Ihrer Stimme, Ausdruckskraft und natürlich mit Licht und Schatten die Zuschauer in ihren Bann zu ziehen. Ich habe selten so etwas Eindrucksvolles gesehen! Silke, 2009 Dieses Theater ist eine wunderbare Art, Geschichte lebendig und [&hellip;]</p>
