{"id":6,"date":"2018-04-08T20:04:58","date_gmt":"2018-04-08T18:04:58","guid":{"rendered":"http:\/\/www.theater-der-schatten.de\/bamberg\/?page_id=6"},"modified":"2026-03-26T13:11:35","modified_gmt":"2026-03-26T12:11:35","slug":"stadtgeschichte","status":"publish","type":"page","link":"https:\/\/www.theater-der-schatten.de\/bamberg\/","title":{"rendered":"&#8222;Licht und Schatten&#8220;"},"content":{"rendered":"<p><strong>Eine Zeitreise aus Schattenszenen <\/strong><br \/><strong>durch die Geschichte der Weltkulturerbestadt<\/strong><\/p>\n<p><strong>&#8222;1000 Jahre Stadtgeschichte<\/strong><br \/>Das Setting ist k\u00fchn: zwei Fahrradhalogenlampen im wohl \u00e4ltesten Raum der Weltkulturerbestadt. Die Leinwand h\u00e4ngt hier nicht zwischen Spieler und Publikum, das <strong>Theater der Schatten<\/strong> holt alle auf eine Seite. Man sieht dabei zu, wie Norbert G\u00f6tz die Figuren aus der Finsternis schneidet. Das Ergebnis: atemberaubend. Bier und Bisch\u00f6fe, Raub und Revolte &#8211;\u00a0 in 90 Minuten f\u00fchrt er durch 1000 Jahre Stadtgeschichte. Sehenswertes Ein &#8211; Mann &#8211; Kino!&#8220;<br \/><strong>(MERIAN Reisef\u00fchrer, Ausgabe Franken, Seite 80, September 2022)<\/strong><\/p>\n<p><strong>&#8222;.<\/strong>..ein h\u00f6chst \u00e4sthetisches, h\u00f6chst erstaunliches, h\u00f6chst behagliches<br \/><span style=\"font-size: inherit;\">und lehrreiches Vergn\u00fcgen!&#8220;<\/span><strong><span style=\"font-size: inherit;\"><br \/><\/span><\/strong><span style=\"font-size: inherit;\"><strong>(Tagespost W\u00fcrzburg, 2006)<\/strong><\/span><\/p>\n<p>Mit mehr als eintausend Auff\u00fchrungen in den letzten zwei Jahrzehnten ist das Schattentheater in der Kapelle auf dem Domberg zu einer Institution geworden. <br \/>Eine au\u00dfergew\u00f6hnliche Inszenierung in einer au\u00dfergew\u00f6hnlichen Stadt.<\/p>\n<p><span style=\"color: #ffcc00;\"><b>Termine f\u00fcr 2026:<\/b><\/span><\/p>\n<p><strong>Samstag, 2. Mai\u00a0 &#8211; Sonntag, 25. Oktober\u00a0<\/strong><br \/>jeweils Samstag 17:00 und 19:30, Sonntag um 11:00 Uhr.<\/p>\n<p><strong>Spielort:<br \/><\/strong>Katharinenkapelle <span style=\"font-size: inherit;\">in der Alten Hofhaltung <br \/>am Domplatz\u00a0 Bamberg<\/span><\/p>\n<p><strong>Dauer:<br \/><\/strong><span style=\"font-size: inherit;\">85 Minuten<\/span><\/p>\n<p><strong>Preis:<br \/><\/strong><span style=\"font-size: inherit;\">20,- Euro*<\/span><\/p>\n<p><strong>Bitte beachten Sie:<\/strong><br \/><strong>an den Wochenenden 11.\/12. Juli und 19.\/20. September gibt es keine Auff\u00fchrungen,\u00a0<\/strong><br \/>und w\u00e4hrend der Dauer der Calderon Spiele entfallen die Auff\u00fchrungen um 19:30 Uhr<\/p>\n<p><strong>F\u00fcr R\u00fcckfragen bez\u00fcglich der Kartenbuchung wenden sie sich bitte\u00a0<\/strong><br \/><strong>an den Tourismusservice Bamberg,<\/strong><br \/><strong>www.bamberg.info, Tel: 0951 2976200<\/strong><\/p>\n<p><span style=\"color: #ffcc00;\"><strong>Karten gibt es hier**:<\/strong><\/span><\/p>\n\n\n<script id=\"timm4-widget\"\n\tdata-eventId=\"a47176aeb31d6de2e700a3f0fe902a1c\"\n\tdata-partnerId=\"c8c7fd6c11928080eef456a255d8f59d\"\n\tdata-layout=\"dark\"\n\tsrc=\"https:\/\/www.bamberg.info\/widgets\/ticket\/script.min.js\">\n<\/script>\n\n\n\n<p><\/p>\n\n\n\n<p>oder <spawn style=\"color:#ffcc00\">&#8211; <strong>mit etwas Gl\u00fcck <\/strong>&#8211;<\/spawn> an der Abendkasse.<br><\/p>\n\n\n\n<p><strong>*<\/strong> <strong>Studierende zahlen an der Abendkasse den halben Preis<\/strong>.<\/p>\n\n\n\n<p><strong>* Menschen mit Markzeichen B im Schwerbehindertenausweis k\u00f6nnen eine Begleitperson kostenfrei mitnehmen.<\/strong><\/p>\n\n\n\n<p><br>Bitte beachten Sie:<\/p>\n\n\n\n<p><strong>nat\u00fcrlich sind sie in der Wahl ihrer Kleidung v\u00f6llig frei, dennoch sollten sie bedenken, dass die Kapelle weder beheizt noch isoliert ist. (Daf\u00fcr aber wunderbar alt und verzaubernd.)<\/strong> <strong>Es k\u00f6nnt also etwas k\u00fchler werden<\/strong>.<br><br><\/p>\n\n\n\n<p><strong>Die 1000-j\u00e4hrige Geschichte Bambergs erz\u00e4hlt und gespielt genau an dem Ort, an dem sie einst begann: in der Herzkammer der Altstadt, ihrem \u00e4ltesten Raum: der kleinen Katharinenkapelle am Domplatz.<br>Die Nummer 1 der Aktivit\u00e4ten in Bamberg auf dem Reiseportal &#8222;Tripadvisor&#8220;<\/strong><\/p>\n\n\n\n<p>Die Chronik dieser verzaubernden Stadt ist wie das Tagebuch des vergangenen Jahrtausends. Die Erz\u00e4hler Norbert G\u00f6tz und Frederic Heisig beleuchten diese bewegende Geschichte: <br>ihre Schattenszenen und Figuren lassen die ersch\u00fct\u00adterndsten und erfreulichsten Ereignisse noch einmal lebendig werden, die diese Stadt zu einem kostbaren Kleinod haben werden lassen. Sie erz\u00e4hlen dies alles im wunderbaren Ambi\u00adente&nbsp; der Hofhaltung auf dem Domberg.&nbsp;<\/p>\n\n\n\n<p>Eine Stadtf\u00fchrung im Sitzen: unterhaltsam, spannend und mit faszinierenden Bildern erz\u00e4hlt. G\u00e4nsehaut, Humor &#8211; und jede Minute mitrei\u00dfend!<\/p>\n\n\n\n<p>In einem gro\u00dfen Buch liegen die Silhouetten der Geschichte Bambergs aufbewahrt. Wenn das Licht sie beleuchtet, entstehen die Ereignisse als Schatten noch einmal, die diese Stadt geformt und gepr\u00e4gt haben:<\/p>\n\n\n\n<figure class=\"wp-block-gallery has-nested-images columns-2 is-cropped wp-block-gallery-1 is-layout-flex wp-block-gallery-is-layout-flex\">\n<figure class=\"wp-block-image size-large\"><img loading=\"lazy\" decoding=\"async\" width=\"295\" height=\"197\" data-id=\"130\" src=\"https:\/\/www.theater-der-schatten.de\/bamberg\/wp-content\/uploads\/sites\/2\/2018\/04\/lichtundschatten2.jpg\" alt=\"\" class=\"wp-image-130\"\/><\/figure>\n\n\n\n<figure class=\"wp-block-image size-large\"><img loading=\"lazy\" decoding=\"async\" width=\"295\" height=\"197\" data-id=\"129\" src=\"https:\/\/www.theater-der-schatten.de\/bamberg\/wp-content\/uploads\/sites\/2\/2018\/04\/lichtundschatten1.jpg\" alt=\"\" class=\"wp-image-129\"\/><\/figure>\n<\/figure>\n\n\n\n<p>Die Bistumsgr\u00fcndung, bei der Heinrich II. den Bischof von W\u00fcrzburg \u00fcberlistete, um gen\u00fcgend Land f\u00fcr sein Bistum Babenberg zu bekommen, der Abend des K\u00f6nigsmordes, an dem Phillip von Schwaben get\u00f6tet wird, der Aufstand gegen die Kirche und der Hexenwahn, der zu Beginn des 17. Jahrhunderts durch die Tore der mittelalterlichen Stadt eindringt und hier zu einer der gr\u00f6\u00dften Verfolgungen in ganz Europa f\u00fchrt.<\/p>\n\n\n\n<figure class=\"wp-block-gallery aligncenter has-nested-images columns-2 is-cropped wp-block-gallery-2 is-layout-flex wp-block-gallery-is-layout-flex\">\n<figure class=\"wp-block-image size-large\"><img loading=\"lazy\" decoding=\"async\" width=\"295\" height=\"196\" data-id=\"131\" src=\"https:\/\/www.theater-der-schatten.de\/bamberg\/wp-content\/uploads\/sites\/2\/2018\/04\/lichtundschatten3.jpg\" alt=\"\" class=\"wp-image-131\"\/><\/figure>\n\n\n\n<figure class=\"wp-block-image size-large\"><img loading=\"lazy\" decoding=\"async\" width=\"295\" height=\"197\" data-id=\"132\" src=\"https:\/\/www.theater-der-schatten.de\/bamberg\/wp-content\/uploads\/sites\/2\/2018\/04\/lichtundschatten4.jpg\" alt=\"\" class=\"wp-image-132\"\/><\/figure>\n<\/figure>\n\n\n\n<p>Eine faszinierende Reise durch die Vergangenheit bis in die Zeit des<br>II. Weltkrieges und in die Gegenwart -und auch das Bier wird nat\u00fcrlich nicht vergessen. <br>So wurde eine Chronik noch nie erz\u00e4hlt: Licht, Schatten, Text und Musik verdichten sich zu den Begebenheiten und Besonderheiten dieser Stadt. Spannend und abwechslungsreich verbinden sich Zeitgeschichte und Theater, Wissen und Unterhaltung.<br>Ein St\u00fcck f\u00fcr alle Bamberger, f\u00fcr die G\u00e4ste der Stadt, f\u00fcr Geschichtsinteressierte, f\u00fcr Neugierige, f\u00fcr Theaterliebhaber und f\u00fcr all jene, die diese Stadt in ihr Herz schauen l\u00e4sst &#8230;<\/p>\n\n\n\n<figure class=\"wp-block-gallery aligncenter has-nested-images columns-2 is-cropped wp-block-gallery-3 is-layout-flex wp-block-gallery-is-layout-flex\">\n<figure class=\"wp-block-image size-large\"><img loading=\"lazy\" decoding=\"async\" width=\"295\" height=\"197\" data-id=\"133\" src=\"https:\/\/www.theater-der-schatten.de\/bamberg\/wp-content\/uploads\/sites\/2\/2018\/04\/lichtundschatten5.jpg\" alt=\"\" class=\"wp-image-133\"\/><\/figure>\n\n\n\n<figure class=\"wp-block-image size-large\"><img loading=\"lazy\" decoding=\"async\" width=\"295\" height=\"196\" data-id=\"134\" src=\"https:\/\/www.theater-der-schatten.de\/bamberg\/wp-content\/uploads\/sites\/2\/2018\/04\/lichtundschatten6.jpg\" alt=\"\" class=\"wp-image-134\"\/><\/figure>\n<\/figure>\n\n\n\n<p><strong>Presse:<\/strong><\/p>\n\n\n\n<p>Norbert G\u00f6tz hat etwas gewagt, was man so nicht kennt. Er erz\u00e4hlt die Geschichte seiner Stadt &#8211; nicht als Film, Oper oder Schauspiel, sondern als Schattentheater. Mal fesselt die Intimit\u00e4t des Geschehens, dann wieder das Hochdramatische. Kein R\u00e4uspern, kein Seufzen ist zu h\u00f6ren. Lachen allerdings, das schon.<br>&#8222;Licht und Schatten&#8220; gibt es seit etwa einem Jahr zu sehen. Und jedes mal f\u00fcllt sich der Raum bis auf den letzten Platz. Vielleicht liegt es an der Magie, die allein der Ort schon atmet &#8211; ein authentischerer Schauplatz als die Katharinenkapelle gleich neben dem Kaiserdom mit den dorischen S\u00e4ulen und den Spitzbogenfenstern l\u00e4sst sich nicht denken. Vielleicht ist es aber auch die furiose Choreographie des Lichts, die G\u00f6tz beherrscht. Au\u00dferdem aber kennt G\u00f6tz sich bestens aus mit dem Wechsel des Tempos und der Kunst der Illusion.<br><strong>Frankfurter Allgemeine Zeitung, 4. Juni 2006<\/strong><\/p>\n\n\n\n<p>Norbert G\u00f6tz f\u00fchrt in der historischen Katharinenkapelle an der Bamberger Hofhaltung ein sonst fernsehgewohntes (und -verdorbenes) Publikum mit seiner Schattenspielzeitreise &#8222;hinters Licht&#8220; und bietet ihm ein h\u00f6chst \u00e4sthetisches, h\u00f6chst erstaunliches, einmaliges und trotz der Enge des historischen Bodens und der harten Sitze h\u00f6chst behagliches und lehrreiches Vergn\u00fcgen.<br><strong>Die Tagespost, W\u00fcrzburg 15. August 2006<\/strong><\/p>\n\n\n\n<p><br>** <strong>R\u00fcckgabe von Karten \/ Gutscheinen \/ R\u00fccktritt<\/strong><\/p>\n\n\n\n<p class=\"has-small-font-size\">Verkaufte Karten\/Gutscheine sind grunds\u00e4tzlich vom Umtausch oder der R\u00fccknahme gegen R\u00fcckerstattung des Kaufpreises ausgeschlossen. Der Ausschluss von Umtausch oder R\u00fccknahme gilt insbesondere in F\u00e4llen der Verhinderung des Veranstaltungsbesuchs durch h\u00f6here Gewalt, Erkrankung des Kunden, eines auf dem Postweg oder bei ihm eintretenden Verlustes oder Zerst\u00f6rung der Karten\/Gutscheine. Eine R\u00fcckgabe gegen R\u00fcckerstattung erfolgt nur unter der Voraussetzung, dass die Veranstaltung ersatzlos ausf\u00e4llt. Gibt der Kunde bei ersatzlosem Ausfall seine Originalkarte nicht innerhalb eines Zeitraums von 14 Tagen beginnend mit dem entfallenen Veranstaltungstermin zur\u00fcck, verf\u00e4llt der Anspruch auf R\u00fcckerstattung des Kartenpreises.<\/p>\n\n\n\n<p class=\"has-small-font-size\">Der Kunde ist verpflichtet sofort nach Erhalt der Karten\/Gutscheine diese auf die Richtigkeit der aufgedruckten Angaben zur Veranstaltung (z.B. Veranstaltungstitel, Preis, Datum und Veranstaltungsort) und die Richtigkeit der zugegangenen Anzahl der Karten\/Gutscheine hin zu \u00fcberpr\u00fcfen. Die Beanstandungen der fehlerhaften Lieferung\/ Aush\u00e4ndigung von Karten\/Gutscheinen ist unverz\u00fcglich, bei Aush\u00e4ndigung in der Vorverkaufsstelle sofort bzw. bei Versendung sp\u00e4testens binnen drei Tagen nach Erhalt der Karten gegen\u00fcber dem TKS unter Vorlage der Originaltickets geltend zu machen.<\/p>\n\n\n\n<p><\/p>\n","protected":false},"excerpt":{"rendered":"<p>Eine Zeitreise aus Schattenszenen durch die Geschichte der Weltkulturerbestadt &#8222;1000 Jahre StadtgeschichteDas Setting ist k\u00fchn: zwei Fahrradhalogenlampen im wohl \u00e4ltesten Raum der Weltkulturerbestadt. Die Leinwand h\u00e4ngt hier nicht zwischen Spieler und Publikum, das Theater der Schatten holt alle auf eine Seite. Man sieht dabei zu, wie Norbert G\u00f6tz die Figuren aus der Finsternis schneidet. Das [&hellip;]<\/p>\n","protected":false},"author":4,"featured_media":0,"parent":0,"menu_order":1,"comment_status":"closed","ping_status":"closed","template":"","meta":{"footnotes":""},"class_list":["post-6","page","type-page","status-publish","hentry"],"_links":{"self":[{"href":"https:\/\/www.theater-der-schatten.de\/bamberg\/wp-json\/wp\/v2\/pages\/6","targetHints":{"allow":["GET"]}}],"collection":[{"href":"https:\/\/www.theater-der-schatten.de\/bamberg\/wp-json\/wp\/v2\/pages"}],"about":[{"href":"https:\/\/www.theater-der-schatten.de\/bamberg\/wp-json\/wp\/v2\/types\/page"}],"author":[{"embeddable":true,"href":"https:\/\/www.theater-der-schatten.de\/bamberg\/wp-json\/wp\/v2\/users\/4"}],"replies":[{"embeddable":true,"href":"https:\/\/www.theater-der-schatten.de\/bamberg\/wp-json\/wp\/v2\/comments?post=6"}],"version-history":[{"count":112,"href":"https:\/\/www.theater-der-schatten.de\/bamberg\/wp-json\/wp\/v2\/pages\/6\/revisions"}],"predecessor-version":[{"id":378,"href":"https:\/\/www.theater-der-schatten.de\/bamberg\/wp-json\/wp\/v2\/pages\/6\/revisions\/378"}],"wp:attachment":[{"href":"https:\/\/www.theater-der-schatten.de\/bamberg\/wp-json\/wp\/v2\/media?parent=6"}],"curies":[{"name":"wp","href":"https:\/\/api.w.org\/{rel}","templated":true}]}}

<p><strong>Eine Zeitreise aus Schattenszenen </strong><br /><strong>durch die Geschichte der Weltkulturerbestadt</strong></p>
<p><strong>&#8222;1000 Jahre Stadtgeschichte</strong><br />Das Setting ist kühn: zwei Fahrradhalogenlampen im wohl ältesten Raum der Weltkulturerbestadt. Die Leinwand hängt hier nicht zwischen Spieler und Publikum, das <strong>Theater der Schatten</strong> holt alle auf eine Seite. Man sieht dabei zu, wie Norbert Götz die Figuren aus der Finsternis schneidet. Das Ergebnis: atemberaubend. Bier und Bischöfe, Raub und Revolte &#8211;  in 90 Minuten führt er durch 1000 Jahre Stadtgeschichte. Sehenswertes Ein &#8211; Mann &#8211; Kino!&#8220;<br /><strong>(MERIAN Reiseführer, Ausgabe Franken, Seite 80, September 2022)</strong></p>
<p><strong>&#8222;.</strong>..ein höchst ästhetisches, höchst erstaunliches, höchst behagliches<br /><span style="font-size: inherit;">und lehrreiches Vergnügen!&#8220;</span><strong><span style="font-size: inherit;"><br /></span></strong><span style="font-size: inherit;"><strong>(Tagespost Würzburg, 2006)</strong></span></p>
<p>Mit mehr als eintausend Aufführungen in den letzten zwei Jahrzehnten ist das Schattentheater in der Kapelle auf dem Domberg zu einer Institution geworden. <br />Eine außergewöhnliche Inszenierung in einer außergewöhnlichen Stadt.</p>
<p><span style="color: #ffcc00;"><b>Termine für 2026:</b></span></p>
<p><strong>Samstag, 2. Mai  &#8211; Sonntag, 25. Oktober </strong><br />jeweils Samstag 17:00 und 19:30, Sonntag um 11:00 Uhr.</p>
<p><strong>Spielort:<br /></strong>Katharinenkapelle <span style="font-size: inherit;">in der Alten Hofhaltung <br />am Domplatz  Bamberg</span></p>
<p><strong>Dauer:<br /></strong><span style="font-size: inherit;">85 Minuten</span></p>
<p><strong>Preis:<br /></strong><span style="font-size: inherit;">20,- Euro*</span></p>
<p><strong>Bitte beachten Sie:</strong><br /><strong>an den Wochenenden 11./12. Juli und 19./20. September gibt es keine Aufführungen, </strong><br />und während der Dauer der Calderon Spiele entfallen die Aufführungen um 19:30 Uhr</p>
<p><strong>Für Rückfragen bezüglich der Kartenbuchung wenden sie sich bitte </strong><br /><strong>an den Tourismusservice Bamberg,</strong><br /><strong>www.bamberg.info, Tel: 0951 2976200</strong></p>
<p><span style="color: #ffcc00;"><strong>Karten gibt es hier**:</strong></span></p>


<script id="timm4-widget"
	data-eventId="a47176aeb31d6de2e700a3f0fe902a1c"
	data-partnerId="c8c7fd6c11928080eef456a255d8f59d"
	data-layout="dark"
	src="https://www.bamberg.info/widgets/ticket/script.min.js">
</script>



<p></p>



<p>oder <spawn style="color:#ffcc00">&#8211; <strong>mit etwas Glück </strong>&#8211;</spawn> an der Abendkasse.<br></p>



<p><strong>*</strong> <strong>Studierende zahlen an der Abendkasse den halben Preis</strong>.</p>



<p><strong>* Menschen mit Markzeichen B im Schwerbehindertenausweis können eine Begleitperson kostenfrei mitnehmen.</strong></p>



<p><br>Bitte beachten Sie:</p>



<p><strong>natürlich sind sie in der Wahl ihrer Kleidung völlig frei, dennoch sollten sie bedenken, dass die Kapelle weder beheizt noch isoliert ist. (Dafür aber wunderbar alt und verzaubernd.)</strong> <strong>Es könnt also etwas kühler werden</strong>.<br><br></p>



<p><strong>Die 1000-jährige Geschichte Bambergs erzählt und gespielt genau an dem Ort, an dem sie einst begann: in der Herzkammer der Altstadt, ihrem ältesten Raum: der kleinen Katharinenkapelle am Domplatz.<br>Die Nummer 1 der Aktivitäten in Bamberg auf dem Reiseportal &#8222;Tripadvisor&#8220;</strong></p>



<p>Die Chronik dieser verzaubernden Stadt ist wie das Tagebuch des vergangenen Jahrtausends. Die Erzähler Norbert Götz und Frederic Heisig beleuchten diese bewegende Geschichte: <br>ihre Schattenszenen und Figuren lassen die erschüt­terndsten und erfreulichsten Ereignisse noch einmal lebendig werden, die diese Stadt zu einem kostbaren Kleinod haben werden lassen. Sie erzählen dies alles im wunderbaren Ambi­ente&nbsp; der Hofhaltung auf dem Domberg.&nbsp;</p>



<p>Eine Stadtführung im Sitzen: unterhaltsam, spannend und mit faszinierenden Bildern erzählt. Gänsehaut, Humor &#8211; und jede Minute mitreißend!</p>



<p>In einem großen Buch liegen die Silhouetten der Geschichte Bambergs aufbewahrt. Wenn das Licht sie beleuchtet, entstehen die Ereignisse als Schatten noch einmal, die diese Stadt geformt und geprägt haben:</p>



<figure class="wp-block-gallery has-nested-images columns-2 is-cropped wp-block-gallery-1 is-layout-flex wp-block-gallery-is-layout-flex">
<figure class="wp-block-image size-large"><img loading="lazy" decoding="async" width="295" height="197" data-id="130" src="https://www.theater-der-schatten.de/bamberg/wp-content/uploads/sites/2/2018/04/lichtundschatten2.jpg" alt="" class="wp-image-130"/></figure>



<figure class="wp-block-image size-large"><img loading="lazy" decoding="async" width="295" height="197" data-id="129" src="https://www.theater-der-schatten.de/bamberg/wp-content/uploads/sites/2/2018/04/lichtundschatten1.jpg" alt="" class="wp-image-129"/></figure>
</figure>



<p>Die Bistumsgründung, bei der Heinrich II. den Bischof von Würzburg überlistete, um genügend Land für sein Bistum Babenberg zu bekommen, der Abend des Königsmordes, an dem Phillip von Schwaben getötet wird, der Aufstand gegen die Kirche und der Hexenwahn, der zu Beginn des 17. Jahrhunderts durch die Tore der mittelalterlichen Stadt eindringt und hier zu einer der größten Verfolgungen in ganz Europa führt.</p>



<figure class="wp-block-gallery aligncenter has-nested-images columns-2 is-cropped wp-block-gallery-2 is-layout-flex wp-block-gallery-is-layout-flex">
<figure class="wp-block-image size-large"><img loading="lazy" decoding="async" width="295" height="196" data-id="131" src="https://www.theater-der-schatten.de/bamberg/wp-content/uploads/sites/2/2018/04/lichtundschatten3.jpg" alt="" class="wp-image-131"/></figure>



<figure class="wp-block-image size-large"><img loading="lazy" decoding="async" width="295" height="197" data-id="132" src="https://www.theater-der-schatten.de/bamberg/wp-content/uploads/sites/2/2018/04/lichtundschatten4.jpg" alt="" class="wp-image-132"/></figure>
</figure>



<p>Eine faszinierende Reise durch die Vergangenheit bis in die Zeit des<br>II. Weltkrieges und in die Gegenwart -und auch das Bier wird natürlich nicht vergessen. <br>So wurde eine Chronik noch nie erzählt: Licht, Schatten, Text und Musik verdichten sich zu den Begebenheiten und Besonderheiten dieser Stadt. Spannend und abwechslungsreich verbinden sich Zeitgeschichte und Theater, Wissen und Unterhaltung.<br>Ein Stück für alle Bamberger, für die Gäste der Stadt, für Geschichtsinteressierte, für Neugierige, für Theaterliebhaber und für all jene, die diese Stadt in ihr Herz schauen lässt &#8230;</p>



<figure class="wp-block-gallery aligncenter has-nested-images columns-2 is-cropped wp-block-gallery-3 is-layout-flex wp-block-gallery-is-layout-flex">
<figure class="wp-block-image size-large"><img loading="lazy" decoding="async" width="295" height="197" data-id="133" src="https://www.theater-der-schatten.de/bamberg/wp-content/uploads/sites/2/2018/04/lichtundschatten5.jpg" alt="" class="wp-image-133"/></figure>



<figure class="wp-block-image size-large"><img loading="lazy" decoding="async" width="295" height="196" data-id="134" src="https://www.theater-der-schatten.de/bamberg/wp-content/uploads/sites/2/2018/04/lichtundschatten6.jpg" alt="" class="wp-image-134"/></figure>
</figure>



<p><strong>Presse:</strong></p>



<p>Norbert Götz hat etwas gewagt, was man so nicht kennt. Er erzählt die Geschichte seiner Stadt &#8211; nicht als Film, Oper oder Schauspiel, sondern als Schattentheater. Mal fesselt die Intimität des Geschehens, dann wieder das Hochdramatische. Kein Räuspern, kein Seufzen ist zu hören. Lachen allerdings, das schon.<br>&#8222;Licht und Schatten&#8220; gibt es seit etwa einem Jahr zu sehen. Und jedes mal füllt sich der Raum bis auf den letzten Platz. Vielleicht liegt es an der Magie, die allein der Ort schon atmet &#8211; ein authentischerer Schauplatz als die Katharinenkapelle gleich neben dem Kaiserdom mit den dorischen Säulen und den Spitzbogenfenstern lässt sich nicht denken. Vielleicht ist es aber auch die furiose Choreographie des Lichts, die Götz beherrscht. Außerdem aber kennt Götz sich bestens aus mit dem Wechsel des Tempos und der Kunst der Illusion.<br><strong>Frankfurter Allgemeine Zeitung, 4. Juni 2006</strong></p>



<p>Norbert Götz führt in der historischen Katharinenkapelle an der Bamberger Hofhaltung ein sonst fernsehgewohntes (und -verdorbenes) Publikum mit seiner Schattenspielzeitreise &#8222;hinters Licht&#8220; und bietet ihm ein höchst ästhetisches, höchst erstaunliches, einmaliges und trotz der Enge des historischen Bodens und der harten Sitze höchst behagliches und lehrreiches Vergnügen.<br><strong>Die Tagespost, Würzburg 15. August 2006</strong></p>



<p><br>** <strong>Rückgabe von Karten / Gutscheinen / Rücktritt</strong></p>



<p class="has-small-font-size">Verkaufte Karten/Gutscheine sind grundsätzlich vom Umtausch oder der Rücknahme gegen Rückerstattung des Kaufpreises ausgeschlossen. Der Ausschluss von Umtausch oder Rücknahme gilt insbesondere in Fällen der Verhinderung des Veranstaltungsbesuchs durch höhere Gewalt, Erkrankung des Kunden, eines auf dem Postweg oder bei ihm eintretenden Verlustes oder Zerstörung der Karten/Gutscheine. Eine Rückgabe gegen Rückerstattung erfolgt nur unter der Voraussetzung, dass die Veranstaltung ersatzlos ausfällt. Gibt der Kunde bei ersatzlosem Ausfall seine Originalkarte nicht innerhalb eines Zeitraums von 14 Tagen beginnend mit dem entfallenen Veranstaltungstermin zurück, verfällt der Anspruch auf Rückerstattung des Kartenpreises.</p>



<p class="has-small-font-size">Der Kunde ist verpflichtet sofort nach Erhalt der Karten/Gutscheine diese auf die Richtigkeit der aufgedruckten Angaben zur Veranstaltung (z.B. Veranstaltungstitel, Preis, Datum und Veranstaltungsort) und die Richtigkeit der zugegangenen Anzahl der Karten/Gutscheine hin zu überprüfen. Die Beanstandungen der fehlerhaften Lieferung/ Aushändigung von Karten/Gutscheinen ist unverzüglich, bei Aushändigung in der Vorverkaufsstelle sofort bzw. bei Versendung spätestens binnen drei Tagen nach Erhalt der Karten gegenüber dem TKS unter Vorlage der Originaltickets geltend zu machen.</p>



<p></p>

<p>Eine Zeitreise aus Schattenszenen durch die Geschichte der Weltkulturerbestadt &#8222;1000 Jahre StadtgeschichteDas Setting ist kühn: zwei Fahrradhalogenlampen im wohl ältesten Raum der Weltkulturerbestadt. Die Leinwand hängt hier nicht zwischen Spieler und Publikum, das Theater der Schatten holt alle auf eine Seite. Man sieht dabei zu, wie Norbert Götz die Figuren aus der Finsternis schneidet. Das [&hellip;]</p>
